6) - -3?
7
Calculate 4 - (7 + -3 - 2).
2
What is the value of 7 + -1 - (33 - (15 + 4))?
-8
Evaluate -2 - 4 - (53 - 67).
8
What is the value of -2 + 6 + -6 - -4 - -6?
8
-3 + 14 + -7 + -2
2
Evaluate 0 - (1 + 0 + (2 - -1)).
-4
What is 6 + -11 + 6 + -3 + 0?
-2
What is (5 - (6 - 3)) + 0?
2
What is 0 + -6 + 9 - (1 - 2)?
4
Evaluate (30 + -36 - (-11 - 1)) + 1.
7
Evaluate -3 - (-2 + -6 - -2).
3
What is 2 + -14 - (-10 - -6)?
-8
What is 23 + -21 + (-5 - 0) + 2?
-1
Evaluate -7 + 4 + 5 + 4 + 1.
7
Calculate -10 + 7 - (2 - 15).
10
Evaluate 6 - (-9 + 10 + -2 + 1).
6
Calculate -5 - (8 + -18 - -8).
-3
-6 - 1 - -1 - -12
6
What is (5 - 1) + -1 + 0 + -8?
-5
What is 0 + -1 + -2 - -7?
4
Evaluate -9 + (1 - 2 - -5).
-5
Evaluate 2 - (7 - (3 + -2)).
-4
Evaluate (15 - 25) + 0 + 2.
-8
Calculate -1 + -2 + 2 - (-11 - -13).
-3
-9 + 15 - 2 - (1 + 4)
-1
(-12 - (-6 + -7)) + (-8 - -1)
-6
What is the value of (-5 - (8 + -17)) + (0 - 12)?
-8
Evaluate -12 - (10 + (12 - 31)).
-3
-16 - (4 + -12) - -12
4
What is the value of 9 + (-2 - 7 - -5)?
5
What is the value of -5 + 4 + 2 - 2?
-1
Calculate 0 - (-6 + -6 + (-1 - -3)).
10
-6 + (1 - -5) - (1 - -3)
-4
What is 2 - 5 - (0 - 6 - -1)?
2
Calculate 4 - (7 + -2 + -2).
1
Evaluate (1 + -2 - 13) + 1 + 6.
-7
Calculate 0 - -9 - (-55 + 58).
6
What is the value of (-2 + 4 - 3) + (8 - 2)?
5
Evaluate 4 + 3 + -11 + 6.
2
Calculate (8 + -3 - -3) + -13.
-5
Evaluate (-5 + -6 - -7) + 6.
2
What is 4 + 2 - (4 - 0) - 2?
0
What is the value of 3 - (7 - (4 + 0 - 4))?
-4
What is 0 + -5 + 5 + 0?
0
(1 - (-2 - -5) - -1) + -2
-3
Calculate (-1 - (4 - (2 - -5))) + -1.
1
What is -4 + 0 + (-2 - 8 - -20)?
6
What is -11 + (17 - (-14 - -13))?
7
What is (-8 - -4) + 7 + 0 + 3?
6
What is the value of 2 - 10 - (-6 - -1) - -2?
-1
-5 - (2 - -6 - 7)
-6
Evaluate 3 + -1 + 13 - (7 + 1).
7
What is the value of -9 + 13 + -5 + -1?
-2
4 - (0 - (12 + -22))
-6
Evaluate -4 - (-1 + -3 + 3).
-3
What is the value of 4 - ((1 - -1) + 7)?
-5
What is the value of (-9 - -5) + (2 - 3 - -4)?
-1
12 + (-2 - 0) + 7 + -13
4
What is the value of 3 + 4 - (10 - (3 - 3))?
-3
Evaluate 0 + (3 - (2 + -6 - -4)).
3
What is the value of 2 - (-2 - -14) - -18?
8
-6 + 1 + (-50 - -50)
-5
What is 4 + 6 - (-11 - -30)?
-9
Evaluate -1 + 0 - (-14 + (18 - 12)).
7
16 - 11 - 7 - 6
-8
Calculate 10 - (-8 - -8 - -12).
-2
2 + 1 + 18 + -16 + -5
0
Evaluate -2 - 5 - (81 + -80).
-8
What is 9 + (0 + -1 - -4 - 7)?
5
Evaluate 1 - 2 - (9 + -5).
-5
What is the value of -6 + (-2 - (-16 + 6 - -8))?
-6
Evaluate 4 + (-4 - (8 - 5)).
-3
What is the value of -1 + (2 - (4 + 2 + -3))?
-2
23 + -21 - (-2 + 0)
4
-1 + -4 - (11 - 20 - 0)
4
What is the value of -1 + (-2 - -1) + 3 + -1?
0
Calculate 0 - 2 - (7 - 8).
-1
Evaluate 0 + 1 + 7 + (-5 - 0).
3
2 - (9 - (7 + -6))
-6
What is (-3 - (1 - 5)) + 7?
8
Calculate -9 + 16 - (14 + -3 + 1).
-5
7 + -7 - (1 - 2)
1
What is the value of -8 + 6 + (5 - 2) - -1?
2
Calculate -1 + 5 + -1 - 6.
-3
Calculate (-3 + 0 - -3) + -5.
-5
What is 2 - (-12 - -14) - 11?
-11
-2 - -3 - (5 + -3)
-1
Evaluate 1 + 3 + -9 + -1.
-6
Calculate -4 - (-9 + 3 + (0 - -7)).
-5
What is the value of (3 - 1) + (29 - 26)?
5
Calculate 0 + -9 + 1 + 10.
2
Calculate 5 - ((22 - 13) + -14).
10
What is the value of 2 - 4 - ((7 - 1) + -7)?
-1
What is the value of 10 + (-4 - -1 - 2)?
5
What is the value of -5 + 5 + 4 - 4 - 7?
-7
What is the value of 0 - -5 - (-2 - -2 - 1)?
6
What is the value of (5 - (-4 - (-8 + 5))) + -7?
-1
Evaluate 5 + -7 - (-6 - 0).
4
What is 0 + 0 + (5 - 2) + -3?
0
Calculate -9 + (-11 + 3 - -14).
-3
Calculate (5 - 4) + (0 - (-3 - -1)).
3
What is the value of 6 + (-2 - 0) + (-7 - -8)?
5
What is the value of -8 + 5 + -3 - -1?
-5
Calculate (2 - 2) + 1 + 4.
5
What is 2 - ((5 - 10) + 2)?
5
What is (0 - 5 - (-4 - -9)) + 4?
-6
What is -2 - 2 - (-7 - -4)?
-1
What is 8 - (3 - (-10 - -3))?
-2
-2 - 1 - (-3 - (1 - -1))
2
What is the value of -3 + (1 + 0 + -1 - -3)?
0
15 - ((-10 - -33) + -13)
5
Calculate 5 - ((57 - 63) + 8 + 0).
3
What is 10 - (8 + -4 + 8)?
-2
What is -15 + 13 - (-13 + 4)?
7
What is the value of -1 + 9 - (4 + 5 - 5)?
4
What is (-11 - -5) + 17 + -16?
-5
What is 3 + (-1 - (8 + -5))?
-1
-6 + -5 + 3 - -3
-5
What is the value of 10 + 7 - (-5 - -16)?
6
Calculate -12 + -2 + 10 - -6.
2
What is 1 - 6 - (-14 + 9) - 0?
0
What is (-5 - -5) + -5 + (2 - 5)?
-8
Calculate (-4 - -10) + (-3 - 7).
-4
0 - (-12 + 3 + 4) - 3
2
Calculate (7 - 3) + -4 - 3.
-3
Calculate 2 + -4 + (-1 - -5) - 4.
-2
What is the value of -2 - (2 - 1) - 0?
-3
0 + -2 + 7 + 33 + -36
2
What is the value of -1 + 2 + (-10 - -5)?
-4
What is the value of 6 + -14 + 21 + -12?
1
Calculate (-33 - -26) + (-1 - 1 - -4).
-5
What is the value of 3 - (-1 + 4 + -5)?
5
What is the value of (4 + 0 - -2) + (-27 - -22)?
1
-15 + 0 + (-42 - -53)
-4
Evaluate (5 - 2 - (-4 + 9)) + 2.
0
What is 24 + -20 + (3 - (2 + -1))?
6
Calculate 1 - (0 - (1 - (-1 + 2))).
1
What is 4 - (1 + (-1 - -3) + 2)?
-1
What is -5 + 7 + (1 - 8)?
-5
Evaluate -18 + 21 - (5 + 0).
-2
Calculate -1 + 2 + (2 + -2 - -2).
3
Evaluate 0 - (2 + 8 + 2 + -6).
-6
11 - 11 - (7 + -2)
-5
What is the value of 4 + -3 + -3 + (-1 - -8)?
5
Evaluate (6 - (5 - (7 - 3))) + -5.
0
Calculate -3 + (-1 + 1 - -3 - -1).
1
-7 - ((-11 - -3) + (0 - 0))
1
What is 4 + -10 + (6 - 1)?
-1
Evaluate 1 + -4 + 5 + 2.
4
2 + 3 - (0 + -2) - 2
5
What is (-7 - 7) + 7 - -13 - 7?
-1
What is 15 + (-22 - -2) + 13?
8
Evaluate (1 + -4 - 1) + 2.
-2
Calculate 2 - (2 - 3 - (2 - 0)).
5
What is -4 + 2 + -2 + 7?
3
What is the value of 2 + -5 + 6 + -4 + 2?
1
Evaluate -5 - (-11 - -3) - 5.
-2
What is 3 + -4 + -6 + 8?
1
Evaluate -2 - (-7 + 8) - 3.
-6
What is 10 + -8 - 9 - -6?
-1
Calculate (-6 - (2 - (1 + 6))) + 0.
-1
Calculate -2 - -1 - (12 - 13).
0
What is the value of 0 - (-6 + 3 + -2)?
5
Calculate -2 - -7 - (-3 + 6).
2
What is (1 - -1 - -1) + (-3 - 0)?
0
(4 - 1) + -4 + -4
-5
Evaluate 42 + -35 - (3 + 1 - 0).
3
Calculate -5 - (6 + 3 + -15).
1
What is the value of 4 + (-2 + 2 - (-3 + 2))?
5
Evaluate (8 - 13) + 7 - 8.
-6
Calculate -3 - (10 + -23 + 10).
0
What is 5 - (-3 - -6) - -1?
3
What is the value of 0 + -4 + (-10 - (2 + -18))?
2
-6 - -9 - 1 - (6 + -1)
-3
Calculate -2 - (0 + 7 - (2 + 2)).
-5
What is the value of 3 - 3 - 0 - (-2 - -2)?
0
Calculate -29 - -22 - (-10 - -1).
2
2 + -1 + (2 - 15) + 6
-6
What is the value of -2 + (-3 - (-1 - (1 - -1)))?
-2
What is the value of -4 - (6 - ((3 - 0) + 3))?
-4
What is the value of (-12 - 4 - -4) + 6?
-6
Calculate 3 + -4 - (7 - (10 - 4)).
-2
What is 0 - (-2 - 3 - -8) - 0?
-3
What is -4 + 0 + 8 + -14 + 8?
-2
Calculate (0 - -10) + -161 + 140.
-11
What is 3 + 1 + -1 + -3?
0
2 + -8 + 0 - -3
-3
Evaluate -3 - (1 - (4 - 0) - -3).
-3
What is the value of -1 - (-3 - -7) - -1?
-4
Evaluate -1 + -5 + -9 + 11 + 1.
-3
What is the value of -1 + 6 + -3 + 4 + -3?
3
What is the value of 5 + (-4 - (1 - 3))?
3
What is the value of 8 + -5 - (8 + 1) - -11?
5
What is (-1 - 2) + 9 + -6?
0
0 + -3 + (-44 - -44)
-3
What is -3 - (3 - 7) - -3 - 2?
2
What is the value of 9 + (0 - (-4 - -10))?
3
What is the value of 5 - (-6 + 7) - (1 - -2)?
1
1 - -2 - (3 + 1)
-1
What is 15 - 8 - (0 - -12)?
-5
What is the value of 2 + (-6 - (3 - 5))?
-2
Evaluate -8 - -9 - (-5 - -1).
5
What is 1 + 1 + -5 + 3 + 4?
4
3 - (6 - 9 - 1)
7
Calculate (-3 - 6) + 0 - -16.
7
-2 + 1 + -6 - (-14 - -10)
-3
(0 - 1) + 103 + -96
6
Evaluate (36 - 46) + -1 + 8.
-3
Evaluate 0 + (11 - 8 - 4).
-1
Calculate 142 - 134 - (-2 + 8).
2
Calculate (4 - 8) + 7 + 0.
3
What is the value of -13 + -17 + 12 + 7?
-11
Evaluate (17 - (10 - 6)) + -5.
8
What is (1 - -9) + (-1 - 2)?
7
Calculate (-4 - -6) + (-1 - 1).
0
What is the value of (-5 - -12 - 1) + (-6 - 1)?
-1
What is 2 + 3 - 2 - (5 + 0)?
-2
Evaluate 6 + -1 + -4 + (8 - 5).
4
Evaluate -3 - (0 - -2 - (25 + -21)).
-1
Evaluate 2 - 2 - ((2 - 2) + 0).
0
6 + (-4 - (0 - 5 - -5))
2
What is the value of -3 + (2 - (-1 - 0)) + -1?
-1
What is -1 - (7 - (-3 - -7 - -6))?
2
What is the value of 0 - 4 - (-54 - -50)?
0
4 + (-5 - (-8 + 2))
5
Calculate -1 - (-4 - -7 - 4 - 8).
8
(3 - 0) + -4 + -2 + 5
2
-3 + (-2 - ((-9 - -3) + -1))
2
What is 22 + (-12 - 4) + 2 + -15?
-7
What is the value of 0 + -1 + -3 + -1 + 0?
-5
What is the value of 2 - ((4 - (0 + 1)) + 2)?
-3
4 - (0 - (3 - 4))
3
Evaluate -3 + (-5 - -5 - (1 - 2)).
-2
What is 4 - (-4 - -9) - -4?
3
Calculate -6 + 0 + -3 + 2.
-7
Calculate 1 + -5 - (2 - 